at is the units digit of n(-18)?
0
Let k(v) = 856*v + 5648. What is the units digit of k(29)?
2
Suppose -7*o = 152 - 299. Suppose 4*i - 1606 = -5*y, o*y + i = 22*y - 323. What is the tens digit of y?
2
Let u be (-54)/(-11) + 610/55 + -11. What is the units digit of (u - 96)*-9 - -4?
3
Suppose -23*s = -19*s + 2304. Let d = 1159 + s. What is the hundreds digit of d?
5
Let o(k) = -4*k**3 - k**2 - 3*k - 2. Suppose -5*y + 0*y = 5. Let j be o(y). Suppose f = j + 45. What is the tens digit of f?
4
Let u be (-1)/3 - 464/(-24). Suppose -u*b + 50380 = 36*b. What is the tens digit of b?
1
Let s = -1745 - -490. Let v = -549 - s. What is the hundreds digit of v?
7
What is the hundreds digit of (-43 - 1421344/(-16))/(3/2)?
1
Suppose 0 = 4*w - 2*o - 2962, -w - o = -2*w + 738. What is the hundreds digit of w?
7
Let w(s) = 6*s**2 - 20*s. Let c be w(4). Let g be 6/(-15) + (-134)/(-10). Suppose -c*r + g = -15*r. What is the units digit of r?
3
Let y = -116 - -125. Suppose y*h + 1311 = 12*h. What is the tens digit of h?
3
Suppose 0 = -5*l - 5*d + 31805, 10*d = -l + 14*d + 6341. What is the units digit of l?
7
Let v = -3220 + 4642. What is the units digit of v?
2
Let r be -205*4 + -11 + 8. Let u = -626 - r. What is the units digit of u?
7
Let l = 20 - 17. Suppose -l*p - 11 = -5. Let i(h) = 4*h**2 - 4*h - 7. What is the tens digit of i(p)?
1
Suppose 284 = 6*n - 40. Suppose 4*l = -n + 730. Let t = l - 45. What is the tens digit of t?
2
Let l = 107 + -102. Suppose 0 = -3*w + l*z + 670, 4*w - 782 - 130 = 2*z. What is the hundreds digit of w?
2
Let h(g) = -6*g**2 + 34*g + 4. Let o be h(6). What is the tens digit of 190 - ((-1)/(-2))/(1/o)?
9
Let a(k) = 2*k**2 + k - 15. Let s be a(-6). Let y = -38 + s. Let z(d) = d**3 - 15*d**2 + 30*d + 9. What is the units digit of z(y)?
1
Let q(f) = f**3 + 2*f**2 + 2*f + 393. Suppose 2*g - g - 2*i = 6, -2*g = -5*i - 15. What is the tens digit of q(g)?
9
Suppose -6*p + 89 = -1. Suppose -34*c = -33*c - p. Let g(t) = 6*t - 12. What is the units digit of g(c)?
8
What is the tens digit of 9/18 + 36009/6?
0
Let b be (0 - -173) + (-1 - -1). Suppose -m + 8*h = 4*h + 9, 9 = 3*h. Suppose t + 4*t - 79 = -x, m*x - t - b = 0. What is the units digit of x?
9
Suppose 0 = -58*j + 52*j - 4578. Let g = 942 + j. What is the units digit of g?
9
Let n = -1073 + 16034. What is the units digit of n?
1
Let y(b) = 17*b**2 + 6*b - 1. Let g be y(-3). Let k = 238 + g. What is the hundreds digit of k?
3
Let s = 14935 - 5013. What is the thousands digit of s?
9
Let p(y) = y**3 + 7*y**2 + 8*y - 1. Let q be p(-5). Suppose f - 1537 = -5*s, -f + q = -4*f. Suppose 4*m = -0*m + s. What is the units digit of m?
7
Let u(w) = 2*w + 18. Let y be u(-10). Let l = 5 - y. Suppose -l*v + 364 = -175. What is the tens digit of v?
7
Let b(s) be the third derivative of 5*s**4/12 - 11*s**3/2 + 2*s**2 - 36*s. What is the units digit of b(10)?
7
Suppose 172*l + 69339 = 5*s + 171*l, s + l - 13863 = 0. What is the thousands digit of s?
3
Let s = -1840 - -2630. Let m = -377 + s. What is the tens digit of m?
1
Let z(m) = 1986*m**2 - 45*m - 65. What is the thousands digit of z(-3)?
7
What is the units digit of -19*(20 - (-20 - -2565))?
5
What is the thousands digit of (-1 - 121)*4870/(-20) - 24/8?
9
Suppose -h = 0, 2*h = -0*b + b + 2. What is the hundreds digit of 580*1 + 14/b?
5
Suppose 0 = 15*s - 5763 + 753. Let v = s + -192. What is the units digit of v?
2
Let f = -521 + 527. Suppose -f*w = -613 - 3545. What is the hundreds digit of w?
6
Suppose 14*h - 28 = 7*h. Suppose 5*l + 3 = 2*l, l + 1389 = h*j. What is the units digit of j?
7
Let g be 0*(4/(-22) + (-90)/(-132)). Suppose -13*k = -10*k - 12. Suppose 143 + 265 = k*v + 5*b, v + b - 102 = g. What is the hundreds digit of v?
1
Suppose 61 = 3*y + 7. Let o(w) = w**3 - 28*w**2 + 17*w**2 - 11 + y*w**2 - 9*w. What is the tens digit of o(-7)?
5
Let c be ((-120)/(-42))/(6/21). Suppose 23*d - c = 18*d. What is the hundreds digit of 780/9*3/d?
1
Suppose 3*h + 0*h - 66 = 0. Suppose 2*u = -3*c + h, 3 = c + 5. What is the hundreds digit of (-4)/u - (3 - (-2463)/(-21))?
1
Let b(n) = -1032*n - 1657. What is the thousands digit of b(-11)?
9
Suppose -2 = -4*s - t, -5*s + 7 - 1 = 3*t. Suppose 12*k - 2947 - 185 = s. What is the tens digit of k?
6
Let i(b) = b**3 + 5*b**2 - b - 7. Let l be i(-5). Suppose 17*o + f + 17 = 13*o, -o - 7 = 3*f. What is the tens digit of (o/10)/(l/390)?
7
What is the tens digit of -863*(2*(-5 - 1) + (1 - 0))?
9
Suppose 2*m - 2*r - 110 = 134, -5*r + 570 = 5*m. Let w = m - 10. What is the tens digit of w/2 - (-5)/5?
5
Let j = 38968 - 26292. What is the units digit of j?
6
Suppose -14 = 3*m + 4*w, 0 = -2*m + 6*w - 3*w + 19. Suppose 3 = g, 7*g = -m*a + 10*g + 1185. What is the tens digit of a?
9
What is the hundreds digit of 1/(5/2) + (-365904)/(-140)?
6
Let y be 1*(-2)/(-4)*2. What is the hundreds digit of (470 - ((-5)/(-5) - -1)) + y?
4
Let u = 678 + -674. Suppose 16*y - u*r - 184 = 11*y, -5*r = -20. What is the tens digit of y?
4
Suppose -3*f - 26840 = 17*f. Let c = -841 - f. What is the units digit of c?
1
Suppose 0 = 24*j - 647 + 215. What is the tens digit of (-638324)/(-684) - 4/j?
3
Let r = 2287 - 502. Let l = -816 + r. What is the units digit of l?
9
Suppose -4*l - 2*x = -7*x + 11, -2*l - x = 9. Let q be (l - 1) + -6 + 7. What is the tens digit of (2/q)/((-387)/96 + 4)?
1
Let d = -25 + 30. Suppose d*o + 2*y - 32 - 53 = 0, -4*y = -o + 39. Suppose 0 = 15*f - o*f + 124. What is the tens digit of f?
3
What is the units digit of (256 - (0/4 + -3))*(-720)/(-42)?
0
Let o(t) = 929*t**3 - t + 1. Let h(y) = -3*y**2 - 28*y - 59. Let b be h(-6). What is the tens digit of o(b)?
2
What is the thousands digit of 9 + (6830 - -5) - (2 - -5)?
6
Let n(f) = f**3 - 11*f**2 + 6*f + 4. Let a(s) = -s**2 - s. Let k(h) = -3*a(h) + n(h). Let w be k(7). What is the units digit of 3/2*-12*(-158)/w?
8
Suppose -236*l + 964 = -240*l. Let u = l + 346. What is the units digit of u?
5
Let o(b) = 3*b**2 + 7*b - 5. Let d be 312/(-26) + (2 - 1). What is the tens digit of o(d)?
8
Let z(f) = f**2 + 1. Let p(x) = -3*x**2 - 9*x + 12. Let r(t) = p(t) + 2*z(t). Let i = 813 - 821. What is the tens digit of r(i)?
2
Let i be 17 - (-715)/(-39) - (-104)/6. Let q(u) = 2*u - 21. Let m(n) = 10*n - 105. Let h(c) = -2*m(c) + 11*q(c). What is the tens digit of h(i)?
1
Let d = 14740 - 14128. What is the tens digit of d?
1
Let n = 45 - 28. Suppose -4*z - 2*q = -4*q - 20, 2*q = 3*z - n. Suppose 0 = -4*i + z*i + 103. What is the units digit of i?
3
Suppose 2*t = j - t - 3060, 2*t - 15300 = -5*j. Suppose 0*m = -9*m + j. What is the units digit of m?
0
Let g(m) = 1376*m - 1840. What is the hundreds digit of g(10)?
9
Let f(b) = 21*b**2 - 59*b - 1294. What is the units digit of f(-29)?
8
Let f(s) = 36*s - 7. Let w be (-7 + 5)*(-2)/(-4). Let j = w - -3. What is the units digit of f(j)?
5
Let o(c) = c**2 + 17*c + 26. Let n be o(-18). Let y = n + -40. Suppose y*j - 154 = 14. What is the units digit of j?
2
Let j = -81 - -84. Let t be 0*5/(-30)*j. Suppose -2*s + 86 + 0 = t. What is the tens digit of s?
4
Suppose 5*w = 5*h - 24 + 4, -2*h = 4*w - 2. What is the hundreds digit of 56*(1320/14)/5 - w?
0
Let h(d) be the first derivative of -15*d**4/4 - 11*d**3/3 - 5*d**2 - d - 182. What is the hundreds digit of h(-5)?
6
Let r be -7 - (4 + -3 + -2). Let i be r/(-2) - (2 + -309 + 4). Suppose 3*k + 465 = 3*z, 6*k - i = -2*z + 4*k. What is the units digit of z?
4
Suppose 416*n = 428*n - 64284. What is the hundreds digit of n?
3
Let i = 195 + -192. Suppose -398 - 391 = -i*p. What is the hundreds digit of p?
2
Let v be 1/2 + 117/2. Let a = 129 - v. Let h = -7 + a. What is the tens digit of h?
6
Let h(i) = -16*i**2 - 10*i - 4. Let k(v) = -v**3 - 7*v**2 - 2*v - 18. Let f be k(-7). Let x be h(f). Let r = -69 - x. What is the units digit of r?
1
Suppose 2*a = -5*j + 18575, 3*j - 2*a - 8341 = 2788. What is the thousands digit of j?
3
Let t(z) = -z**3 + 10*z**2 - 10*z + 11. Let w be t(9). Let o(a) = 63*a**2 + 48*a**2 + 22*a**w + 0 - 1. What is the tens digit of o(1)?
3
Suppose 5*g - 4 = -2*q, -g = q - 13 + 8. What is the units digit of 2/(-7) + (4 - (-1829)/q)?
5
Suppose -104*c + 102*c - 5*d = -44666, 0 = 2*d. What is the ten thousands digit of c?
2
Suppose 0 = 148*o - 1565253 - 2038991. What is the un